y = z*b - 7*o + 3*o - 623. Is b a composite number?
False
Let l be ((-1 - 17)/(-2))/(11/99). Suppose 12 = 3*z, 0 = 3*v - 4*z - l - 77. Is v a composite number?
True
Let w(f) = 62*f**2 + 11*f + 143. Is w(14) a prime number?
False
Let h be -26 + 24 + -1*(2 - 1). Let z be (-174)/(-21) + h + 2/(-7). Is (-5)/(z/3183)*(-2)/6 a prime number?
True
Suppose 635 = 2*u - 3*p - 11775, u + 2*p - 6198 = 0. Suppose -3*h - 1123 = -u. Is h composite?
False
Is (-2 - -1)/((-14)/38004848*8) + -6 a composite number?
False
Let k be (-4 - (-848)/20) + (-4)/10. Let f = 556 - -1174. Suppose -k*l + 36*l + f = 0. Is l a prime number?
False
Suppose -3*g - 4*v + 11 = 0, -g = -3*v + v - 7. Suppose -g*n = -5*p + 45, -2*n = -3*p - 7*n + 3. Suppose -15888 - 486 = -p*z. Is z composite?
False
Is 1 - (-35)/(-2 - -1)*(-239 - 75) a composite number?
True
Let o be 665/38 - (-1)/2. Suppose -m - 4*w = -1331, -o*m + 21*m = 2*w + 4035. Is m a prime number?
False
Let g be (-20 - 1)/(1/(-5)). Let x(a) = a**2 - 75. Let s be x(11). Let p = g - s. Is p prime?
True
Let w(k) = -4*k + 44. Let n be w(11). Suppose n = 22*b - 15*b - 89173. Is b prime?
True
Suppose 4*l + i - 614162 = 0, -i - 51541 = -3*l + 409084. Is l prime?
False
Let b = 861 + -841. Let n(g) = 21*g**2 - 5 - g**3 - 10*g + 0*g**3 + 16. Is n(b) composite?
False
Let z be -14*2/(-4) - -28. Suppose 206324 = z*g - 31*g - 4*m, -5*m = 5*g - 257925. Is g a composite number?
True
Suppose -22*t + 4766802 - 2228544 + 8124724 = 0. Is t composite?
True
Let i = -865 - -1933. Let y = -71 + 118. Let b = i + y. Is b composite?
True
Is 285/(-114)*173996/(-10) a composite number?
False
Suppose -152*k = -159*k + 35. Suppose -3*s - 4*d - 146 = -6073, -k*s + 9863 = -d. Is s a prime number?
True
Let g be (-30)/(-8)*(-7)/(42/(-16)). Suppose 19226 = -g*r + 12*r. Is r a composite number?
False
Suppose 6 - 14 = 4*z. Is 1*10994/(-4)*z a prime number?
False
Suppose 2*g + 5*m = 3247459, 0 = 2*m + 8 - 10. Is g a prime number?
False
Let z = -135 - -149. Suppose z = i - 8177. Is i composite?
False
Let d = -369 + 369. Suppose 12*o - 21*o + 117405 = d. Is o a composite number?
True
Is 2047002/(-4)*(-17)/68*40/15 prime?
False
Let b(c) = 18275*c**2 + 5*c + 12. Let g be b(-3). Suppose 0 = -14*o - 56434 + g. Is o composite?
False
Is 70083625/(-75)*8/((-80)/6) composite?
False
Let l be (22365/70)/((1 - -1)/4). Suppose 5*m + 5*q - 3200 = 0, -l = -3*m + 2*m - 2*q. Is m - ((-5 - -1) + 4) composite?
False
Let w(l) = 101850*l + 9613. Is w(7) prime?
True
Let l = 130922 - 53115. Is l composite?
True
Let x = -25 + 36. Suppose x*a - 14*a + 12 = 0. Suppose -a*y - 5*w + 2292 = 52, -3*y - w + 1691 = 0. Is y prime?
False
Let b be ((-24)/4 + 5)*-3. Is b/7 + 79*(-680)/(-28) composite?
True
Let h = 81 + -72. Let x(b) = -775*b + 36. Let m be x(h). Let v = -4840 - m. Is v a composite number?
False
Is ((-552739766)/(-2892))/(2/12) composite?
False
Suppose -553993 = -3*f + 4*y, 4*y = -5*f + 186243 + 737036. Is f composite?
True
Let i(q) = -4*q**2 + q - 1. Let x be i(5). Let r be (1 - 22/(-8))/((-18)/x). Suppose 2*w = -2*w - r, -4*z = -4*w - 352. Is z composite?
False
Let m = 1690476 + -950267. Is m a prime number?
False
Suppose -i = -6*i - 35. Let s = -15 + i. Is (-6708)/(-2) + s + 21 prime?
False
Let i(r) = 10635*r**2 + 242*r + 3. Is i(4) composite?
False
Let j(n) = -84*n**3 - 8*n**2 - 51*n - 198. Is j(-5) composite?
False
Let i be (-36)/(-10) + (-2)/(-5). Suppose -i*a = 4*j - 6256, -697 = 3*a - j - 5397. Let p = a - 221. Is p composite?
True
Let v = 30820 - -14341. Is v composite?
False
Suppose 27399 = 12*y - 74133. Is y composite?
False
Let h(m) = 6*m**2 - 17*m + 13. Let y = 16 - 9. Let i be h(y). Suppose -5*q - r + 398 = 0, 5*q + 3*r - 216 = i. Is q composite?
False
Let p(m) = 26*m**2 + 38*m + 5. Let i = -244 - -252. Is p(i) composite?
False
Suppose 0 = -19*l + 2123 + 879. Is l a prime number?
False
Let p = -21 + 24. Suppose 1364 + 2537 = -p*g + t, 0 = -2*t - 10. Let x = -139 - g. Is x a composite number?
False
Let k(a) = -890*a - 17. Let b be k(-9). Suppose -2*s + b - 1129 = c, 3*s - 6863 = -c. Is c a composite number?
True
Let d be 6 - ((-941800)/(-1))/(-5). Suppose 120473 = 37*y - d. Is y composite?
True
Let q(b) = -47*b**3 + 20*b**2 - 27*b + 191. Is q(-11) prime?
False
Let p(s) = -1759*s**3 - 2*s**2 + s + 1. Suppose -11*z - 2*z = 13. Is p(z) a composite number?
True
Suppose -6*i = -5*q + 1297145, 518858 = 2*q + 209*i - 204*i. Is q composite?
False
Suppose -240842 = -4*f + 3*r, -30*f - 5*r + 120408 = -28*f. Is f a composite number?
False
Is -1*(-1154796 + (11 - 24)) a prime number?
False
Let k(r) = -4159*r. Let m be k(-2). Suppose 3189 - m = -i. Is i a prime number?
False
Suppose -o = 5*g - 1038985, -2*g + 5*o - 4*o + 415594 = 0. Is g prime?
True
Let t = -772 + 1716. Let b be 0 + t/6 - (-6)/9. Suppose -2*l = -8*i + 3*i - 149, 2*l + 4*i - b = 0. Is l composite?
True
Suppose -3*z + 17*z - 28 = 0. Is z/(-5) + 18/(-5) - -16851 composite?
True
Let g(s) = s - 4. Let j be g(3). Let d be (0/j)/(8/4) - 1852. Let h = 2621 + d. Is h a prime number?
True
Let a = -38514 + 7650. Let x = -14846 - a. Is x composite?
True
Let j(c) = 4499*c + 526. Is j(105) a prime number?
True
Is (-682922)/(-29) + 292/(-8468) a prime number?
True
Let s(q) = -q**3 - 10*q**2 - 6*q - 44. Let p be s(-10). Is (8/p)/((-1)/(-16934)) composite?
False
Let z = -125 - -428. Let v(a) = -303 + 1193*a + z. Is v(5) a prime number?
False
Let n = 17 + -2. Let m be (-1 - (-3)/n)/((-2)/15). Suppose 0 = m*i - 23617 - 5393. Is i prime?
False
Suppose -180*w + 17802192 = -11808348. Is w composite?
False
Let n(s) = s**3 + 8*s**2 + 5*s + 238. Let x(h) = -h**3 - 7*h**2 - 4*h - 237. Let c(d) = 5*n(d) + 6*x(d). Let f be c(0). Let w = 363 + f. Is w composite?
False
Suppose -11*n + 7*n + 12 = 0. Let g be n/(-2) + 18/(-16)*-4. Suppose -g*u - 591 = -9282. Is u a prime number?
True
Let t(q) = -4*q + 9. Let p be t(3). Let r = 31 - p. Suppose -4*v + 1542 = r. Is v composite?
True
Let s = 704 + 48634. Suppose 4*j + 5*j = s. Is j prime?
False
Let a = 541442 - 312739. Is a a prime number?
False
Let y(s) = 712*s**2 + 4*s + 2. Let w be y(-1). Suppose 9*v - 17983 = w. Is v composite?
True
Suppose 47*y - 33212706 = -93*y - 106*y. Is y a composite number?
True
Let y(j) = 5*j + 165. Let t be y(-27). Suppose -t*p + 1245 + 8265 = 0. Is p a composite number?
False
Let y(a) = 104*a**2 - 2*a + 6. Let n be y(-15). Suppose 2*c + 3*h = 7*h - n, 0 = 5*c + 5*h + 58530. Let g = -7721 - c. Is g a prime number?
True
Suppose 22*y - 78 = 16*y. Let k(v) = -v**2 + 22*v - 18. Let r be k(y). Suppose 0 = 42*a - 45*a + r. Is a prime?
False
Let r(u) be the third derivative of 351*u**4 - 11*u**3/6 + 3*u**2 - 23*u. Is r(3) prime?
True
Let x(y) = y**3 - y**2 - 6*y - 86. Let f be x(0). Suppose l + 7*l - 3800 = 0. Let g = f + l. Is g a composite number?
False
Suppose 15634*g + 21355078 = 15692*g. Is g a prime number?
False
Let i(y) = 2274*y**2 - 28*y + 43. Is i(6) prime?
False
Suppose 8 = 3*k - p - 10, -2*k = 3*p - 1. Suppose -7 + 22 = k*j. Suppose 2*a = a + z + 1136, j*z = 2*a - 2275. Is a prime?
False
Let g(h) = -5*h - 3. Let u be g(-2). Suppose 1 = -u*s - 20. Is s*4629/(-9)*1 prime?
True
Let p = 34355 + 3312. Is p composite?
True
Is ((-1668328)/(-828))/((-4)/(-18)) a prime number?
True
Suppose -4*g + 1002 + 570 = 0. Suppose -b + 1641 + g = -k, 2*k + 6107 = 3*b. Is b composite?
False
Let z be (-10 + 9)*(2 + 2) - -2. Is 705 - ((-5)/z)/(-5)*4 prime?
False
Suppose 12*r + 49 = 85. Suppose -326 = -r*z + 4*n + 521, -n - 281 = -z. Is z a prime number?
True
Let z = 281 - 7165. Let x = 1559 - z. Is x a prime number?
True
Suppose -4*k - 12002 - 30427 = -3*z, 2*z = 4*k + 28286. Is z composite?
False
Let n = -48 + 50. Suppose -n*k = -5*l - 213, -3*l = 5*k - 69 - 386. Suppose k = -17*r + 18*r. Is r a prime number?
False
Suppose 0*r - 7 = -r - 5*d, d = 2*r + 19. Let i = 8 + r. Let o(z) = 2*z**2 + 3*z + 127. Is o(i) a composite number?
False
Suppose -39386219 - 40164098 = -343*r + 15961120. Is r a prime number?
True
Let s(k) = -k. Suppose -q - 7 = -c, -2*q = -2*c - 2*c + 22. Let f be s(q). Suppose -4*m + 441 = 5*y, 5*m - f*m + 2*y = 220. Is m prime?
True
Suppose -s = -4*m - 40033, 10*s = 15*s - 4*m - 200261. Is s a composite number?
True
Let i = 43228 + -15463. Let m = i - 13574. Is m prime?
Fa